{"id":144,"date":"2018-10-25T17:09:36","date_gmt":"2018-10-25T17:09:36","guid":{"rendered":"http:\/\/noe-gvv.at\/?page_id=144"},"modified":"2019-09-23T23:26:55","modified_gmt":"2019-09-23T21:26:55","slug":"vorstand","status":"publish","type":"page","link":"https:\/\/noe-gvv.at\/?page_id=144","title":{"rendered":"Vorstand"},"content":{"rendered":"<p><img loading=\"lazy\" decoding=\"async\" class=\"alignnone size-medium wp-image-206 aligncenter\" src=\"http:\/\/noe-gvv.at\/wp-content\/uploads\/2018\/10\/Portrait-Roland-light-20cm-300dpi-240x300.jpg\" alt=\"\" width=\"240\" height=\"300\" srcset=\"https:\/\/noe-gvv.at\/wp-content\/uploads\/2018\/10\/Portrait-Roland-light-20cm-300dpi-240x300.jpg 240w, https:\/\/noe-gvv.at\/wp-content\/uploads\/2018\/10\/Portrait-Roland-light-20cm-300dpi-768x960.jpg 768w, https:\/\/noe-gvv.at\/wp-content\/uploads\/2018\/10\/Portrait-Roland-light-20cm-300dpi-819x1024.jpg 819w, https:\/\/noe-gvv.at\/wp-content\/uploads\/2018\/10\/Portrait-Roland-light-20cm-300dpi.jpg 1890w\" sizes=\"(max-width: 240px) 100vw, 240px\" \/><\/p>\n<p style=\"text-align: center;\">Obmann Roland Edinger<\/p>\n<p style=\"text-align: center;\">info@noe-gvv.at<\/p>\n<p style=\"text-align: center;\">Vorstand des GVV<\/p>\n<p style=\"text-align: center;\"><img loading=\"lazy\" decoding=\"async\" class=\"wp-image-13 aligncenter\" src=\"http:\/\/noe-gvv.at\/wp-content\/uploads\/2018\/10\/favicon-256x256-150x150.png\" alt=\"\" width=\"116\" height=\"116\" srcset=\"https:\/\/noe-gvv.at\/wp-content\/uploads\/2018\/10\/favicon-256x256-150x150.png 150w, https:\/\/noe-gvv.at\/wp-content\/uploads\/2018\/10\/favicon-256x256-100x100.png 100w, https:\/\/noe-gvv.at\/wp-content\/uploads\/2018\/10\/favicon-256x256.png 256w\" sizes=\"(max-width: 116px) 100vw, 116px\" \/><\/p>\n","protected":false},"excerpt":{"rendered":"<p>Obmann Roland Edinger info@noe-gvv.at Vorstand des GVV<\/p>\n","protected":false},"author":1,"featured_media":0,"parent":0,"menu_order":0,"comment_status":"closed","ping_status":"closed","template":"","meta":{"footnotes":""},"class_list":["post-144","page","type-page","status-publish","hentry"],"yoast_head":"<!-- This site is optimized with the Yoast SEO plugin v23.1 - https:\/\/yoast.com\/wordpress\/plugins\/seo\/ -->\n<title>Vorstand - N\u00d6 GVV<\/title>\n<meta name=\"robots\" content=\"index, follow, max-snippet:-1, max-image-preview:large, max-video-preview:-1\" \/>\n<link rel=\"canonical\" href=\"https:\/\/noe-gvv.at\/?page_id=144\" \/>\n<meta property=\"og:locale\" content=\"de_DE\" \/>\n<meta property=\"og:type\" content=\"article\" \/>\n<meta property=\"og:title\" content=\"Vorstand - N\u00d6 GVV\" \/>\n<meta property=\"og:description\" content=\"Obmann Roland Edinger info@noe-gvv.at Vorstand des GVV\" \/>\n<meta property=\"og:url\" content=\"https:\/\/noe-gvv.at\/?page_id=144\" \/>\n<meta property=\"og:site_name\" content=\"N\u00d6 GVV\" \/>\n<meta property=\"article:modified_time\" content=\"2019-09-23T21:26:55+00:00\" \/>\n<meta property=\"og:image\" content=\"http:\/\/noe-gvv.at\/wp-content\/uploads\/2018\/10\/Portrait-Roland-light-20cm-300dpi-240x300.jpg\" \/>\n<meta name=\"twitter:card\" content=\"summary_large_image\" \/>\n<script type=\"application\/ld+json\" class=\"yoast-schema-graph\">{\"@context\":\"https:\/\/schema.org\",\"@graph\":[{\"@type\":\"WebPage\",\"@id\":\"https:\/\/noe-gvv.at\/?page_id=144\",\"url\":\"https:\/\/noe-gvv.at\/?page_id=144\",\"name\":\"Vorstand - N\u00d6 GVV\",\"isPartOf\":{\"@id\":\"https:\/\/noe-gvv.at\/#website\"},\"primaryImageOfPage\":{\"@id\":\"https:\/\/noe-gvv.at\/?page_id=144#primaryimage\"},\"image\":{\"@id\":\"https:\/\/noe-gvv.at\/?page_id=144#primaryimage\"},\"thumbnailUrl\":\"http:\/\/noe-gvv.at\/wp-content\/uploads\/2018\/10\/Portrait-Roland-light-20cm-300dpi-240x300.jpg\",\"datePublished\":\"2018-10-25T17:09:36+00:00\",\"dateModified\":\"2019-09-23T21:26:55+00:00\",\"breadcrumb\":{\"@id\":\"https:\/\/noe-gvv.at\/?page_id=144#breadcrumb\"},\"inLanguage\":\"de\",\"potentialAction\":[{\"@type\":\"ReadAction\",\"target\":[\"https:\/\/noe-gvv.at\/?page_id=144\"]}]},{\"@type\":\"ImageObject\",\"inLanguage\":\"de\",\"@id\":\"https:\/\/noe-gvv.at\/?page_id=144#primaryimage\",\"url\":\"http:\/\/noe-gvv.at\/wp-content\/uploads\/2018\/10\/Portrait-Roland-light-20cm-300dpi-240x300.jpg\",\"contentUrl\":\"http:\/\/noe-gvv.at\/wp-content\/uploads\/2018\/10\/Portrait-Roland-light-20cm-300dpi-240x300.jpg\"},{\"@type\":\"BreadcrumbList\",\"@id\":\"https:\/\/noe-gvv.at\/?page_id=144#breadcrumb\",\"itemListElement\":[{\"@type\":\"ListItem\",\"position\":1,\"name\":\"Startseite\",\"item\":\"https:\/\/noe-gvv.at\/\"},{\"@type\":\"ListItem\",\"position\":2,\"name\":\"Vorstand\"}]},{\"@type\":\"WebSite\",\"@id\":\"https:\/\/noe-gvv.at\/#website\",\"url\":\"https:\/\/noe-gvv.at\/\",\"name\":\"N\u00d6 GVV\",\"description\":\"PARTEIUNABH\u00c4NIGER GEMEINDEVERTRETER NIEDER\u00d6STERREICH\",\"potentialAction\":[{\"@type\":\"SearchAction\",\"target\":{\"@type\":\"EntryPoint\",\"urlTemplate\":\"https:\/\/noe-gvv.at\/?s={search_term_string}\"},\"query-input\":\"required name=search_term_string\"}],\"inLanguage\":\"de\"}]}<\/script>\n<!-- \/ Yoast SEO plugin. -->","yoast_head_json":{"title":"Vorstand - N\u00d6 GVV","robots":{"index":"index","follow":"follow","max-snippet":"max-snippet:-1","max-image-preview":"max-image-preview:large","max-video-preview":"max-video-preview:-1"},"canonical":"https:\/\/noe-gvv.at\/?page_id=144","og_locale":"de_DE","og_type":"article","og_title":"Vorstand - N\u00d6 GVV","og_description":"Obmann Roland Edinger info@noe-gvv.at Vorstand des GVV","og_url":"https:\/\/noe-gvv.at\/?page_id=144","og_site_name":"N\u00d6 GVV","article_modified_time":"2019-09-23T21:26:55+00:00","og_image":[{"url":"http:\/\/noe-gvv.at\/wp-content\/uploads\/2018\/10\/Portrait-Roland-light-20cm-300dpi-240x300.jpg"}],"twitter_card":"summary_large_image","schema":{"@context":"https:\/\/schema.org","@graph":[{"@type":"WebPage","@id":"https:\/\/noe-gvv.at\/?page_id=144","url":"https:\/\/noe-gvv.at\/?page_id=144","name":"Vorstand - N\u00d6 GVV","isPartOf":{"@id":"https:\/\/noe-gvv.at\/#website"},"primaryImageOfPage":{"@id":"https:\/\/noe-gvv.at\/?page_id=144#primaryimage"},"image":{"@id":"https:\/\/noe-gvv.at\/?page_id=144#primaryimage"},"thumbnailUrl":"http:\/\/noe-gvv.at\/wp-content\/uploads\/2018\/10\/Portrait-Roland-light-20cm-300dpi-240x300.jpg","datePublished":"2018-10-25T17:09:36+00:00","dateModified":"2019-09-23T21:26:55+00:00","breadcrumb":{"@id":"https:\/\/noe-gvv.at\/?page_id=144#breadcrumb"},"inLanguage":"de","potentialAction":[{"@type":"ReadAction","target":["https:\/\/noe-gvv.at\/?page_id=144"]}]},{"@type":"ImageObject","inLanguage":"de","@id":"https:\/\/noe-gvv.at\/?page_id=144#primaryimage","url":"http:\/\/noe-gvv.at\/wp-content\/uploads\/2018\/10\/Portrait-Roland-light-20cm-300dpi-240x300.jpg","contentUrl":"http:\/\/noe-gvv.at\/wp-content\/uploads\/2018\/10\/Portrait-Roland-light-20cm-300dpi-240x300.jpg"},{"@type":"BreadcrumbList","@id":"https:\/\/noe-gvv.at\/?page_id=144#breadcrumb","itemListElement":[{"@type":"ListItem","position":1,"name":"Startseite","item":"https:\/\/noe-gvv.at\/"},{"@type":"ListItem","position":2,"name":"Vorstand"}]},{"@type":"WebSite","@id":"https:\/\/noe-gvv.at\/#website","url":"https:\/\/noe-gvv.at\/","name":"N\u00d6 GVV","description":"PARTEIUNABH\u00c4NIGER GEMEINDEVERTRETER NIEDER\u00d6STERREICH","potentialAction":[{"@type":"SearchAction","target":{"@type":"EntryPoint","urlTemplate":"https:\/\/noe-gvv.at\/?s={search_term_string}"},"query-input":"required name=search_term_string"}],"inLanguage":"de"}]}},"_links":{"self":[{"href":"https:\/\/noe-gvv.at\/index.php?rest_route=\/wp\/v2\/pages\/144"}],"collection":[{"href":"https:\/\/noe-gvv.at\/index.php?rest_route=\/wp\/v2\/pages"}],"about":[{"href":"https:\/\/noe-gvv.at\/index.php?rest_route=\/wp\/v2\/types\/page"}],"author":[{"embeddable":true,"href":"https:\/\/noe-gvv.at\/index.php?rest_route=\/wp\/v2\/users\/1"}],"replies":[{"embeddable":true,"href":"https:\/\/noe-gvv.at\/index.php?rest_route=%2Fwp%2Fv2%2Fcomments&post=144"}],"version-history":[{"count":10,"href":"https:\/\/noe-gvv.at\/index.php?rest_route=\/wp\/v2\/pages\/144\/revisions"}],"predecessor-version":[{"id":368,"href":"https:\/\/noe-gvv.at\/index.php?rest_route=\/wp\/v2\/pages\/144\/revisions\/368"}],"wp:attachment":[{"href":"https:\/\/noe-gvv.at\/index.php?rest_route=%2Fwp%2Fv2%2Fmedia&parent=144"}],"curies":[{"name":"wp","href":"https:\/\/api.w.org\/{rel}","templated":true}]}}

<!-- This site is optimized with the Yoast SEO plugin v23.1 - https://yoast.com/wordpress/plugins/seo/ -->
<title>Vorstand - NÖ GVV</title>
<meta name="robots" content="index, follow, max-snippet:-1, max-image-preview:large, max-video-preview:-1" />
<link rel="canonical" href="https://noe-gvv.at/?page_id=144" />
<meta property="og:locale" content="de_DE" />
<meta property="og:type" content="article" />
<meta property="og:title" content="Vorstand - NÖ GVV" />
<meta property="og:description" content="Obmann Roland Edinger info@noe-gvv.at Vorstand des GVV" />
<meta property="og:url" content="https://noe-gvv.at/?page_id=144" />
<meta property="og:site_name" content="NÖ GVV" />
<meta property="article:modified_time" content="2019-09-23T21:26:55+00:00" />
<meta property="og:image" content="http://noe-gvv.at/wp-content/uploads/2018/10/Portrait-Roland-light-20cm-300dpi-240x300.jpg" />
<meta name="twitter:card" content="summary_large_image" />
<script type="application/ld+json" class="yoast-schema-graph">{"@context":"https://schema.org","@graph":[{"@type":"WebPage","@id":"https://noe-gvv.at/?page_id=144","url":"https://noe-gvv.at/?page_id=144","name":"Vorstand - NÖ GVV","isPartOf":{"@id":"https://noe-gvv.at/#website"},"primaryImageOfPage":{"@id":"https://noe-gvv.at/?page_id=144#primaryimage"},"image":{"@id":"https://noe-gvv.at/?page_id=144#primaryimage"},"thumbnailUrl":"http://noe-gvv.at/wp-content/uploads/2018/10/Portrait-Roland-light-20cm-300dpi-240x300.jpg","datePublished":"2018-10-25T17:09:36+00:00","dateModified":"2019-09-23T21:26:55+00:00","breadcrumb":{"@id":"https://noe-gvv.at/?page_id=144#breadcrumb"},"inLanguage":"de","potentialAction":[{"@type":"ReadAction","target":["https://noe-gvv.at/?page_id=144"]}]},{"@type":"ImageObject","inLanguage":"de","@id":"https://noe-gvv.at/?page_id=144#primaryimage","url":"http://noe-gvv.at/wp-content/uploads/2018/10/Portrait-Roland-light-20cm-300dpi-240x300.jpg","contentUrl":"http://noe-gvv.at/wp-content/uploads/2018/10/Portrait-Roland-light-20cm-300dpi-240x300.jpg"},{"@type":"BreadcrumbList","@id":"https://noe-gvv.at/?page_id=144#breadcrumb","itemListElement":[{"@type":"ListItem","position":1,"name":"Startseite","item":"https://noe-gvv.at/"},{"@type":"ListItem","position":2,"name":"Vorstand"}]},{"@type":"WebSite","@id":"https://noe-gvv.at/#website","url":"https://noe-gvv.at/","name":"NÖ GVV","description":"PARTEIUNABHÄNIGER GEMEINDEVERTRETER NIEDERÖSTERREICH","potentialAction":[{"@type":"SearchAction","target":{"@type":"EntryPoint","urlTemplate":"https://noe-gvv.at/?s={search_term_string}"},"query-input":"required name=search_term_string"}],"inLanguage":"de"}]}</script>
<!-- / Yoast SEO plugin. -->

Vorstand - NÖ GVV

NÖ GVV

PARTEIUNABHÄNIGER GEMEINDEVERTRETER NIEDERÖSTERREICH
