{"id":33,"date":"2018-10-10T06:49:12","date_gmt":"2018-10-10T06:49:12","guid":{"rendered":"http:\/\/noe-gvv.at\/?page_id=33"},"modified":"2019-09-23T23:25:35","modified_gmt":"2019-09-23T21:25:35","slug":"impressum","status":"publish","type":"page","link":"https:\/\/noe-gvv.at\/?page_id=33","title":{"rendered":"Impressum"},"content":{"rendered":"<div class=\"et_pb_module et_pb_text et_pb_text_0 et_pb_bg_layout_light et_pb_text_align_left\">\n<div class=\"et_pb_text_inner\">\n<h1>Impressum &amp; Offenlegung gem. \u00a725 Mediengesetz<\/h1>\n<h3>Medieninhaber, Herausgeber, Hersteller und Eigent\u00fcmer:<\/h3>\n<p><b>GVV Nieder\u00f6sterreich<\/b><br \/>\ne-mail:&nbsp;<a href=\"info@noe-gvv.at\">info@noe-gvv.at<\/a><\/p>\n<\/div>\n<\/div>\n<div class=\"et_pb_module et_pb_text et_pb_text_2 et_pb_bg_layout_light et_pb_text_align_left\">\n<div class=\"et_pb_text_inner\">\n<h1>Informationen zum Datenschutz<\/h1>\n<p>Ihre pers\u00f6nlichen Daten werden selbstverst\u00e4ndlich vertraulich behandelt und nicht an Dritte weitergegeben.<\/p>\n<h4>Haftung f\u00fcr Links<\/h4>\n<p>Auf unserer Seite finden Sie Verweise (Hyperlinks) zu anderen Seiten im Internet. F\u00fcr alle diese Links gilt, dass wir keinerlei Einfluss auf die Gestaltung und die Inhalte dieser externen Seiten habe. Daher \u00fcbernehmen wir keinerlei Verantwortung f\u00fcr Inhalt und Gestaltung dieser Seiten. Diese Erkl\u00e4rung gilt f\u00fcr alle auf unserer Website angezeigten externen Verweise.<\/p>\n<h4>Bildnachweis<\/h4>\n<p>Texte, Bilder und Grafiken dieser Seite d\u00fcrfen nur nach ausdr\u00fccklicher Genehmigung der Eigent\u00fcmer verwendet werden.<br \/>\nAlle Informationen und Erkl\u00e4rungen unserer Internetseite sind unverbindlich. Wir \u00fcbernehmen f\u00fcr die Richtigkeit und Vollst\u00e4ndigkeit der Inhalte keine Garantie. Aus den Inhalten dieser Internetseite k\u00f6nnen sich auch keine Rechtsanspr\u00fcche ergeben. Sollten Ihnen Fehler im Inhalt auffallen, ersuchen wir Sie uns zu kontaktieren, damit wir diese korrigieren k\u00f6nnen. Wir identifiziere uns nicht mit dem Inhalt der Seiten, bzw. Unterseiten auf die gelinkt wird und \u00fcbernehmen daf\u00fcr keine Haftung. Sollte eine der Seiten, auf die wir verlinken, bedenkliche Inhalte aufweisen oder nicht vom jeweiligen Seiteninhaber erw\u00fcnscht sein, dann wird der jeweilige Link sofort gel\u00f6scht.<\/p>\n<h4>Facebook Social Plugins<\/h4>\n<p>Unser Internetauftritt verwendet mehrere Plugins von Facebook, Facebook Inc., 1601 S. California Ave, Palo Alto, CA 94304, USA. Sie erkennen diese Plugins entweder am blauen \u201cF\u201d von Facebook oder daran, dass dieses Plugin mit dem Wort \u201cFacebook\u201d gekennzeichnet ist. Bei einem Aufruf unserer Webseite wird \u00fcber diese Plugins eine Verbindung zu den Servern von Facebook hergestellt und Daten \u00fcbermittelt. Zum einen werden die Informationen, die Sie sehen, direkt von den Servern an Ihren Browser \u00fcbertragen und dort dargestellt, zum anderen werden Informationen \u00fcber Ihren Besuch auf unserer Webseite an Facebook \u00fcbermittelt. Sind Sie bei Facebook eingeloggt so k\u00f6nnen die \u00fcbermittelten Informationen direkt ihrem Konto zugeordnet werden. Bei einer Interaktion mit den Funktionen des Plugins, z.B. dr\u00fccken des \u201cGef\u00e4llt mir\u201d Buttons, wird diese Information von Ihrem Browser direkt an Facebook \u00fcbersendet und dort gespeichert. Die Weiterverarbeitung dieser Information obliegt Facebook, die entsprechenden Bedingungen und Einstellm\u00f6glichkeiten entnehmen Sie bitte den Datenschutzhinweisen von Facebook. Wollen Sie vermeiden, dass personenbezogene Daten von Ihnen an Facebook \u00fcbermittelt wird, so loggen Sie sich vor einem Besuch unserer Webseite in Facebook aus.<\/p>\n<h4>Datenschutzerkl\u00e4rung f\u00fcr Twitter<\/h4>\n<p>Auf unserer Seite sind Funktionen des Dienstes Twitter eingebunden. Diese Funktionen werden angeboten durch die Twitter Inc., 795 Folsom St., Suite 600, San Francisco, CA 94107, USA. Durch das Benutzen von Twitter und der Funktion \u201eRe-Tweet\u201c werden die von Ihnen besuchten Webseiten mit Ihrem Twitter-Account verkn\u00fcpft und anderen Nutzern bekannt gegeben. Dabei werden auch Daten an Twitter \u00fcbertragen. Wir weisen darauf hin, dass wir als Anbieter der Seiten keine Kenntnis vom Inhalt der \u00fcbermittelten Daten sowie deren Nutzung durch Twitter erhalten. Weitere Informationen hierzu finden Sie in der Datenschutzerkl\u00e4rung von Twitter unter&nbsp;<a href=\"https:\/\/twitter.com\/privacy\">https:\/\/twitter.com\/privacy<\/a>. Ihre Datenschutzeinstellungen bei Twitter k\u00f6nnen Sie in den Konto-Einstellungen unter&nbsp;<a href=\"https:\/\/twitter.com\/account\/settings\">https:\/\/twitter.com\/account\/settings<\/a>\u00e4ndern.<\/p>\n<h4>Verwendung von YouTube-Videos<\/h4>\n<p>Auf unserer Webseite verwende wir ein&nbsp;\u201eYouTube-Plugin\u201c um Videos darzustellen. Diese YouTube Software verwendet Cookies zur Datenerhebung und statistischen Datenauswertung. YouTube verwendet Cookies unter anderem zur Erfassung zuverl\u00e4ssiger Videostatistiken, zur Vermeidung von Betrug und zur Verbesserung der Nutzerfreundlichkeit. Die&nbsp;Betreiber der Website erhalten durch die YouTube Cookies statistische Werte zum Abruf einzelner in der Webseite eingebetteter Videos ohne einen Bezug zum jeweiligen Nutzer. Die eingebetteten Videos von YouTube werden im Rahmen der erlaubten Verwendung durch YouTube genutzt, welche alle Nutzer akzeptieren m\u00fcssen. Falls Sie Urheberrechte verletzt sehen, wenden Sie sich bitte an uns.<br \/>\nWeitere Details k\u00f6nnen Sie direkt bei&nbsp;<a href=\"https:\/\/youtube.com\/\" target=\"_blank\" rel=\"noopener noreferrer\">YouTube<\/a>&nbsp;nachlesen.<\/p>\n<h1>Datenschutz &amp; Cookies<\/h1>\n<h4>Datenverarbeitung<\/h4>\n<p>Personenbezogene Daten, die Sie uns \u00fcber eine Webseite oder Email \u00fcbermittelt haben, werden nur zur Korrespondenz mit Ihnen und nur f\u00fcr den Zweck verarbeitet, zu dem Sie uns Ihre Daten zur Verf\u00fcgung gestellt haben. Die zur Verf\u00fcgung gestellten Daten werden ausschlie\u00dflich an die zust\u00e4ndige Stelle innerhalb der Organisation weitergeleitet. Wir versichern, dass Ihre personenbezogenen Daten nicht an Dritte weitergegeben werden, es sei denn, dass gesetzliche Vorgaben dies verlangen.<\/p>\n<h4>Datenspeicherung<\/h4>\n<p>Die uns zur Verf\u00fcgung gestellten Daten werden nur so lange gespeichert, bis der Zweck erf\u00fcllt ist, zu dem sie uns anvertraut wurden. Sofern gesetzliche Aufbewahrungsfristen zu beachten sind, werden diese eingehalten. Sollten Sie mit der Speicherung Ihrer personenbezogenen Daten nicht mehr einverstanden sein, werden wir die gespeicherten Daten auf Ihre Weisung hin l\u00f6schen. Haben sich ihre personenbezogenen Daten ge\u00e4ndert, werden wir diese nach Ihrer Information richtigstellen.<\/p>\n<h4>\u00c4ndern der Cookie-Einstellungen<\/h4>\n<p>In Ihren Browsereinstellungen (z.B. Internet Explorer, Safari, Firefox, Chrome) k\u00f6nnen Sie festlegen, welche Cookies Sie zulassen oder ablehnen m\u00f6chten. Wo genau Sie diese Einstellungen finden, h\u00e4ngt von Ihrem Browser ab. Die entsprechenden Einstellungen finden Sie mit der Hilfefunktion Ihres Browsers<\/p>\n<\/div>\n<\/div>\n","protected":false},"excerpt":{"rendered":"<p>Impressum &amp; Offenlegung gem. \u00a725 Mediengesetz Medieninhaber, Herausgeber, Hersteller und Eigent\u00fcmer: GVV Nieder\u00f6sterreich e-mail:&nbsp;info@noe-gvv.at Informationen zum Datenschutz Ihre pers\u00f6nlichen Daten werden selbstverst\u00e4ndlich vertraulich behandelt und nicht an Dritte weitergegeben. Haftung f\u00fcr Links Auf unserer Seite finden Sie Verweise (Hyperlinks) zu anderen Seiten im Internet. F\u00fcr alle diese Links gilt, dass wir keinerlei Einfluss auf die&hellip;<\/p>\n","protected":false},"author":1,"featured_media":0,"parent":0,"menu_order":0,"comment_status":"closed","ping_status":"closed","template":"","meta":{"footnotes":""},"class_list":["post-33","page","type-page","status-publish","hentry"],"yoast_head":"<!-- This site is optimized with the Yoast SEO plugin v23.1 - https:\/\/yoast.com\/wordpress\/plugins\/seo\/ -->\n<title>Impressum - N\u00d6 GVV<\/title>\n<meta name=\"robots\" content=\"index, follow, max-snippet:-1, max-image-preview:large, max-video-preview:-1\" \/>\n<link rel=\"canonical\" href=\"https:\/\/noe-gvv.at\/?page_id=33\" \/>\n<meta property=\"og:locale\" content=\"de_DE\" \/>\n<meta property=\"og:type\" content=\"article\" \/>\n<meta property=\"og:title\" content=\"Impressum - N\u00d6 GVV\" \/>\n<meta property=\"og:description\" content=\"Impressum &amp; Offenlegung gem. \u00a725 Mediengesetz Medieninhaber, Herausgeber, Hersteller und Eigent\u00fcmer: GVV Nieder\u00f6sterreich e-mail:&nbsp;info@noe-gvv.at Informationen zum Datenschutz Ihre pers\u00f6nlichen Daten werden selbstverst\u00e4ndlich vertraulich behandelt und nicht an Dritte weitergegeben. Haftung f\u00fcr Links Auf unserer Seite finden Sie Verweise (Hyperlinks) zu anderen Seiten im Internet. F\u00fcr alle diese Links gilt, dass wir keinerlei Einfluss auf die&hellip;\" \/>\n<meta property=\"og:url\" content=\"https:\/\/noe-gvv.at\/?page_id=33\" \/>\n<meta property=\"og:site_name\" content=\"N\u00d6 GVV\" \/>\n<meta property=\"article:modified_time\" content=\"2019-09-23T21:25:35+00:00\" \/>\n<meta name=\"twitter:card\" content=\"summary_large_image\" \/>\n<meta name=\"twitter:label1\" content=\"Gesch\u00e4tzte Lesezeit\" \/>\n\t<meta name=\"twitter:data1\" content=\"4\u00a0Minuten\" \/>\n<script type=\"application\/ld+json\" class=\"yoast-schema-graph\">{\"@context\":\"https:\/\/schema.org\",\"@graph\":[{\"@type\":\"WebPage\",\"@id\":\"https:\/\/noe-gvv.at\/?page_id=33\",\"url\":\"https:\/\/noe-gvv.at\/?page_id=33\",\"name\":\"Impressum - N\u00d6 GVV\",\"isPartOf\":{\"@id\":\"https:\/\/noe-gvv.at\/#website\"},\"datePublished\":\"2018-10-10T06:49:12+00:00\",\"dateModified\":\"2019-09-23T21:25:35+00:00\",\"breadcrumb\":{\"@id\":\"https:\/\/noe-gvv.at\/?page_id=33#breadcrumb\"},\"inLanguage\":\"de\",\"potentialAction\":[{\"@type\":\"ReadAction\",\"target\":[\"https:\/\/noe-gvv.at\/?page_id=33\"]}]},{\"@type\":\"BreadcrumbList\",\"@id\":\"https:\/\/noe-gvv.at\/?page_id=33#breadcrumb\",\"itemListElement\":[{\"@type\":\"ListItem\",\"position\":1,\"name\":\"Startseite\",\"item\":\"https:\/\/noe-gvv.at\/\"},{\"@type\":\"ListItem\",\"position\":2,\"name\":\"Impressum\"}]},{\"@type\":\"WebSite\",\"@id\":\"https:\/\/noe-gvv.at\/#website\",\"url\":\"https:\/\/noe-gvv.at\/\",\"name\":\"N\u00d6 GVV\",\"description\":\"PARTEIUNABH\u00c4NIGER GEMEINDEVERTRETER NIEDER\u00d6STERREICH\",\"potentialAction\":[{\"@type\":\"SearchAction\",\"target\":{\"@type\":\"EntryPoint\",\"urlTemplate\":\"https:\/\/noe-gvv.at\/?s={search_term_string}\"},\"query-input\":\"required name=search_term_string\"}],\"inLanguage\":\"de\"}]}<\/script>\n<!-- \/ Yoast SEO plugin. -->","yoast_head_json":{"title":"Impressum - N\u00d6 GVV","robots":{"index":"index","follow":"follow","max-snippet":"max-snippet:-1","max-image-preview":"max-image-preview:large","max-video-preview":"max-video-preview:-1"},"canonical":"https:\/\/noe-gvv.at\/?page_id=33","og_locale":"de_DE","og_type":"article","og_title":"Impressum - N\u00d6 GVV","og_description":"Impressum &amp; Offenlegung gem. \u00a725 Mediengesetz Medieninhaber, Herausgeber, Hersteller und Eigent\u00fcmer: GVV Nieder\u00f6sterreich e-mail:&nbsp;info@noe-gvv.at Informationen zum Datenschutz Ihre pers\u00f6nlichen Daten werden selbstverst\u00e4ndlich vertraulich behandelt und nicht an Dritte weitergegeben. Haftung f\u00fcr Links Auf unserer Seite finden Sie Verweise (Hyperlinks) zu anderen Seiten im Internet. F\u00fcr alle diese Links gilt, dass wir keinerlei Einfluss auf die&hellip;","og_url":"https:\/\/noe-gvv.at\/?page_id=33","og_site_name":"N\u00d6 GVV","article_modified_time":"2019-09-23T21:25:35+00:00","twitter_card":"summary_large_image","twitter_misc":{"Gesch\u00e4tzte Lesezeit":"4\u00a0Minuten"},"schema":{"@context":"https:\/\/schema.org","@graph":[{"@type":"WebPage","@id":"https:\/\/noe-gvv.at\/?page_id=33","url":"https:\/\/noe-gvv.at\/?page_id=33","name":"Impressum - N\u00d6 GVV","isPartOf":{"@id":"https:\/\/noe-gvv.at\/#website"},"datePublished":"2018-10-10T06:49:12+00:00","dateModified":"2019-09-23T21:25:35+00:00","breadcrumb":{"@id":"https:\/\/noe-gvv.at\/?page_id=33#breadcrumb"},"inLanguage":"de","potentialAction":[{"@type":"ReadAction","target":["https:\/\/noe-gvv.at\/?page_id=33"]}]},{"@type":"BreadcrumbList","@id":"https:\/\/noe-gvv.at\/?page_id=33#breadcrumb","itemListElement":[{"@type":"ListItem","position":1,"name":"Startseite","item":"https:\/\/noe-gvv.at\/"},{"@type":"ListItem","position":2,"name":"Impressum"}]},{"@type":"WebSite","@id":"https:\/\/noe-gvv.at\/#website","url":"https:\/\/noe-gvv.at\/","name":"N\u00d6 GVV","description":"PARTEIUNABH\u00c4NIGER GEMEINDEVERTRETER NIEDER\u00d6STERREICH","potentialAction":[{"@type":"SearchAction","target":{"@type":"EntryPoint","urlTemplate":"https:\/\/noe-gvv.at\/?s={search_term_string}"},"query-input":"required name=search_term_string"}],"inLanguage":"de"}]}},"_links":{"self":[{"href":"https:\/\/noe-gvv.at\/index.php?rest_route=\/wp\/v2\/pages\/33"}],"collection":[{"href":"https:\/\/noe-gvv.at\/index.php?rest_route=\/wp\/v2\/pages"}],"about":[{"href":"https:\/\/noe-gvv.at\/index.php?rest_route=\/wp\/v2\/types\/page"}],"author":[{"embeddable":true,"href":"https:\/\/noe-gvv.at\/index.php?rest_route=\/wp\/v2\/users\/1"}],"replies":[{"embeddable":true,"href":"https:\/\/noe-gvv.at\/index.php?rest_route=%2Fwp%2Fv2%2Fcomments&post=33"}],"version-history":[{"count":3,"href":"https:\/\/noe-gvv.at\/index.php?rest_route=\/wp\/v2\/pages\/33\/revisions"}],"predecessor-version":[{"id":367,"href":"https:\/\/noe-gvv.at\/index.php?rest_route=\/wp\/v2\/pages\/33\/revisions\/367"}],"wp:attachment":[{"href":"https:\/\/noe-gvv.at\/index.php?rest_route=%2Fwp%2Fv2%2Fmedia&parent=33"}],"curies":[{"name":"wp","href":"https:\/\/api.w.org\/{rel}","templated":true}]}}